of 1164072?
False
Is 7 a factor of 24974?
False
Does 35 divide 90125?
True
Does 338 divide 2698?
False
Is 1514471 a multiple of 19?
True
Is 274 a factor of 1417128?
True
Is 614 a factor of 518830?
True
Does 15 divide 874890?
True
Is 352 a factor of 1819634?
False
Is 347898 a multiple of 589?
False
Is 402 a factor of 739899?
False
Is 12651207 a multiple of 12?
False
Is 1813647 a multiple of 18?
False
Is 2583168 a multiple of 93?
True
Does 321 divide 156712?
False
Is 62 a factor of 178002?
True
Does 97 divide 4443643?
False
Is 11 a factor of 1470826?
False
Does 40 divide 90000?
True
Does 3 divide 5282142?
True
Is 1202 a factor of 3962320?
False
Does 15 divide 3899774?
False
Is 9 a factor of 905832?
True
Is 85 a factor of 1343425?
True
Does 1014 divide 3340116?
True
Is 173 a factor of 435441?
True
Does 574 divide 4418457?
False
Is 86 a factor of 5279397?
False
Is 95 a factor of 176415?
True
Is 74518 a multiple of 15?
False
Does 13 divide 649291?
False
Is 11 a factor of 12729471?
False
Is 73 a factor of 136434?
False
Is 2 a factor of 7444?
True
Does 3 divide 48398?
False
Does 351 divide 93691?
False
Is 512792 a multiple of 157?
False
Is 12 a factor of 31692?
True
Is 13 a factor of 39330265?
True
Is 50425 a multiple of 27?
False
Is 289128 a multiple of 24?
True
Is 2958626 a multiple of 7?
False
Is 6 a factor of 157933?
False
Is 7 a factor of 598087?
True
Is 124481 a multiple of 7?
True
Is 601 a factor of 248047?
False
Is 5 a factor of 1504923?
False
Is 25998188 a multiple of 114?
False
Is 9 a factor of 36770?
False
Is 436 a factor of 6305542?
False
Is 4241827 a multiple of 36?
False
Is 139872 a multiple of 141?
True
Is 25900 a multiple of 25?
True
Does 182 divide 517972?
True
Does 279 divide 2551843?
False
Is 6067 a multiple of 15?
False
Is 5213126 a multiple of 321?
False
Does 127 divide 77089?
True
Is 9 a factor of 32886?
True
Is 150142 a multiple of 3?
False
Is 47 a factor of 11293532?
False
Is 208 a factor of 120640?
True
Is 301 a factor of 2506427?
True
Is 10394055 a multiple of 1941?
True
Is 6 a factor of 41450?
False
Does 203 divide 1386275?
False
Does 54 divide 8059372?
False
Is 372372 a multiple of 42?
True
Does 30 divide 49260?
True
Is 1461558 a multiple of 7?
True
Does 211 divide 1704551?
False
Is 338085 a multiple of 9?
True
Is 317322 a multiple of 17?
True
Is 720192 a multiple of 704?
True
Is 15579427 a multiple of 193?
False
Is 8649045 a multiple of 5?
True
Is 1610287 a multiple of 59?
True
Is 315662 a multiple of 317?
False
Does 8 divide 534542?
False
Does 39 divide 15633360?
False
Is 262 a factor of 131427?
False
Is 1157490 a multiple of 270?
True
Does 18 divide 94264?
False
Is 90 a factor of 6013260?
True
Is 11 a factor of 183326?
True
Does 127 divide 127381?
True
Is 90 a factor of 8129399?
False
Is 4178 a multiple of 3?
False
Is 35123 a multiple of 128?
False
Is 2 a factor of 1044412?
True
Is 151293 a multiple of 87?
True
Is 161110 a multiple of 52?
False
Does 2 divide 56211?
False
Does 41 divide 455387?
True
Is 1525368 a multiple of 154?
False
Is 260 a factor of 63960?
True
Is 12 a factor of 1047705?
False
Does 17 divide 233?
False
Is 1132497 a multiple of 23?
True
Is 638694 a multiple of 411?
True
Is 81738 a multiple of 31?
False
Does 48 divide 234481?
False
Is 17808 a multiple of 16?
True
Is 848704 a multiple of 4?
True
Does 27 divide 20206005?
False
Is 11 a factor of 1302087?
False
Is 14 a factor of 69132?
True
Does 152 divide 6663376?
True
Is 68 a factor of 383112?
True
Is 6232 a multiple of 41?
True
Is 153 a factor of 2924409?
False
Does 57 divide 192293?
False
Is 21984 a multiple of 4?
True
Does 57 divide 425769?
False
Is 116696 a multiple of 9?
False
Is 33222 a multiple of 7?
True
Is 6934620 a multiple of 836?
True
Is 171472 a multiple of 3?
False
Is 91 a factor of 1556737?
True
Is 9 a factor of 8047629?
True
Does 37 divide 143812?
False
Does 717 divide 382498?
False
Is 92 a factor of 8418460?
True
Is 208 a factor of 2500754?
False
Does 461 divide 1988293?
True
Is 958045 a multiple of 97?
False
Does 28 divide 1120034?
False
Does 416 divide 11303?
False
Is 155295 a multiple of 63?
True
Is 801972 a multiple of 261?
False
Is 57 a factor of 4449226?
False
Is 127687 a multiple of 19?
False
Is 45 a factor of 21406636?
False
Is 69973 a multiple of 7?
False
Is 1005251 a multiple of 429?
False
Does 25 divide 2135975?
True
Is 422401 a multiple of 12?
False
Does 3 divide 1522056?
True
Is 193344 a multiple of 46?
False
Does 10 divide 1252615?
False
Does 513 divide 200737?
False
Is 415 a factor of 1599789?
False
Does 165 divide 268620?
True
Is 155870 a multiple of 55?
True
Is 25 a factor of 24036718?
False
Does 13 divide 97058?
True
Is 326 a factor of 117686?
True
Is 1199616 a multiple of 284?
True
Is 852816 a multiple of 202?
False
Is 73987 a multiple of 241?
True
Is 32 a factor of 36918?
False
Does 265 divide 1040920?
True
Is 611 a multiple of 131?
False
Is 338 a factor of 3223844?
True
Does 15 divide 725760?
True
Is 1193678 a multiple of 168?
False
Is 20 a factor of 1022212?
False
Does 50 divide 37450?
True
Is 1492400 a multiple of 280?
True
Does 18 divide 19857348?
True
Is 1267044 a multiple of 48?
False
Is 96 a factor of 83040?
True
Is 305679 a multiple of 59?
True
Does 20 divide 2185451?
False
Is 18704 a multiple of 28?
True
Is 30 a factor of 763020?
True
Is 64445 a multiple of 5?
True
Is 2413151 a multiple of 950?
False
Does 275 divide 5246091?
False
Does 121 divide 273218?
True
Does 309 divide 11652584?
False
Is 369288 a multiple of 12?
True
Is 282720 a multiple of 15?
True
Is 2598882 a multiple of 338?
True
Is 199 a factor of 220293?
True
Is 6 a factor of 561534?
True
Is 11403255 a multiple of 34?
False
Is 582 a factor of 7833725?
False
Is 103 a factor of 1085517?
True
Is 3 a factor of 35984?
False
Is 23 a factor of 236433?
False
Is 970060 a multiple of 169?
True
Is 1128 a factor of 21426360?
True
Does 393 divide 57378?
True
Is 1080874 a multiple of 72?
False
Is 557 a factor of 12765883?
True
Is 5 a factor of 4594156?
False
Is 37 a factor of 65100?
False
Is 251 a factor of 1344034?
False
Is 159 a factor of 491497?
False
Is 1436577 a multiple of 389?
True
Does 129 divide 162024?
True
Is 24713 a multiple of 37?
False
Is 5443392 a multiple of 8?
True
Is 30 a factor of 3981794?
False
Is 360 a factor of 292528?
False
Does 68 divide 731544?
True
Is 159 a factor of 632343?
True
Does 173 divide 240124?
True
Is 7 a factor of 262164?
True
Does 97 divide 11454?
False
Is 317790 a multiple of 30?
True
Does 5 divide 859366?
False
Is 90 a factor of 120578?
False
Does 138 divide 1545478?
False
Does 80 divide 40384?
False
Does 11 divide 7667?
True
Does 49 divide 3279997?
False
Does 8 divide 6021224?
True
Is 398980 a multiple of 487?
False
Does 129 divide 889268?
False
Is 7472414 a multiple of 41?
True
Does 5 divide 1877590?
True
Does 258 divide 5934516?
True
Is 1030 a factor of 3420561?
False
Is 957 a factor of 4500771?
True
Is 513 a factor of 120555?
True
Is 96 a factor of 1004365?
False
Is 65 a factor of 1020825?
True
Does 274 divide 105764?
True
Is 6433994 a multiple of 343?
True
Is 1407120 a multiple of 123?
True
Is 273 a factor of 3831150?
False
Is 34 a factor of 2203864?
False
Is 4000299 a multiple of 269?
True
Is 197136 a multiple of 222?
True
Does 346 divide 19115462?
True
Does 32 divide 452800?
True
Is 9 a factor of 4149995?
False
Does 38 divide 124028?
False
Does 74 divide 3971358?
True
Is 1165364 a multiple of 53?
True
Is 3269180 a multiple of 1007?
False
Does 489 divide 140247?
False
Is 47 a factor of 345971?
False
Is 35542631 a multiple of 37?
False
Does 56 divide 375720?
False
Does 80 divide 206021?
False
Does 64 divide 3911394?
False
Is 111023 even?
False
Does 29 divide 280488?
True
Does 330 divide 86130?
True
Is 17 a factor of 1142757?
True
Does 109 divide 3597?
True
Is 10136425 a multiple of 668?
False
Is 25769 a multiple of 56?
False
Is 259 a factor of 1604246?
True
Is 10393548 a multiple of 88?
False
Does 261 divide 10236895?
False
Is 18 a factor of 522423?
False
Is 4415035 a multiple of 5?
True
Does 37 divide 1522065?
False
Does 18 divide 1550574?
True
Is 1062 a factor of 6366736?
False
Does 179 divide 63045?
False
Is 31 a factor of 193564?
True
Is 326 a factor of 4760453?
False
Is 783266 a multiple of 27?
False
Is 62 